{"id":2,"date":"2015-05-15T07:10:15","date_gmt":"2015-05-15T07:10:15","guid":{"rendered":"http:\/\/arbre-en-ciel.ch\/?page_id=2"},"modified":"2025-02-25T17:49:04","modified_gmt":"2025-02-25T17:49:04","slug":"page-d-exemple","status":"publish","type":"page","link":"https:\/\/arbre-en-ciel.ch\/","title":{"rendered":"Bienvenue \u00e0 Arbre-en-Ciel"},"content":{"rendered":"\n<div class=\"wp-block-media-text alignwide is-stacked-on-mobile\" style=\"grid-template-columns:62% auto\"><figure class=\"wp-block-media-text__media\"><img loading=\"lazy\" decoding=\"async\" width=\"1024\" height=\"590\" src=\"http:\/\/arbre-en-ciel.ch\/wp-content\/uploads\/2015\/06\/Arbre-en-Ciel2-1024x590.png\" alt=\"\" class=\"wp-image-61 size-full\" srcset=\"https:\/\/arbre-en-ciel.ch\/wp-content\/uploads\/2015\/06\/Arbre-en-Ciel2-1024x590.png 1024w, https:\/\/arbre-en-ciel.ch\/wp-content\/uploads\/2015\/06\/Arbre-en-Ciel2-300x173.png 300w, https:\/\/arbre-en-ciel.ch\/wp-content\/uploads\/2015\/06\/Arbre-en-Ciel2.png 1061w\" sizes=\"(max-width: 1024px) 100vw, 1024px\" \/><\/figure><div class=\"wp-block-media-text__content\">\n<p><\/p>\n<\/div><\/div>\n\n\n\n<div class=\"wp-block-media-text is-stacked-on-mobile\" style=\"grid-template-columns:38% auto\"><figure class=\"wp-block-media-text__media\"><img loading=\"lazy\" decoding=\"async\" width=\"620\" height=\"413\" src=\"http:\/\/arbre-en-ciel.ch\/wp-content\/uploads\/2025\/02\/HarryHermoineRon-1.jpg\" alt=\"\" class=\"wp-image-2357 size-full\" srcset=\"https:\/\/arbre-en-ciel.ch\/wp-content\/uploads\/2025\/02\/HarryHermoineRon-1.jpg 620w, https:\/\/arbre-en-ciel.ch\/wp-content\/uploads\/2025\/02\/HarryHermoineRon-1-300x200.jpg 300w\" sizes=\"(max-width: 620px) 100vw, 620px\" \/><\/figure><div class=\"wp-block-media-text__content\">\n<p class=\"has-text-align-center has-medium-font-size\"><strong>La colonie 2025 aura lieu du 11 au 15 ao\u00fbt, au Ch\u00e2teau de Vaulruz sur le th\u00e8me de<\/strong> <em><strong><mark style=\"background-color:rgba(0, 0, 0, 0)\" class=\"has-inline-color has-vivid-cyan-blue-color\">&#8220;<\/mark><\/strong><\/em><mark style=\"background-color:rgba(0, 0, 0, 0)\" class=\"has-inline-color has-vivid-cyan-blue-color\"><strong><em>Harry Potter et les cr\u00e9atures fantastiques&#8221;<\/em><\/strong><\/mark><strong> ! <\/strong><\/p>\n<\/div><\/div>\n\n\n\n<figure class=\"wp-block-image size-large\"><a href=\"https:\/\/arbre-en-ciel.ch\/wp-content\/uploads\/2023\/11\/IMG_0615-1-scaled.jpeg\"><img loading=\"lazy\" decoding=\"async\" width=\"1024\" height=\"768\" src=\"https:\/\/arbre-en-ciel.ch\/wp-content\/uploads\/2023\/11\/IMG_0615-1-1024x768.jpeg\" alt=\"\" class=\"wp-image-2188\" srcset=\"https:\/\/arbre-en-ciel.ch\/wp-content\/uploads\/2023\/11\/IMG_0615-1-1024x768.jpeg 1024w, https:\/\/arbre-en-ciel.ch\/wp-content\/uploads\/2023\/11\/IMG_0615-1-300x225.jpeg 300w, https:\/\/arbre-en-ciel.ch\/wp-content\/uploads\/2023\/11\/IMG_0615-1-768x576.jpeg 768w, https:\/\/arbre-en-ciel.ch\/wp-content\/uploads\/2023\/11\/IMG_0615-1-1536x1152.jpeg 1536w, https:\/\/arbre-en-ciel.ch\/wp-content\/uploads\/2023\/11\/IMG_0615-1-2048x1536.jpeg 2048w\" sizes=\"(max-width: 1024px) 100vw, 1024px\" \/><\/a><\/figure>\n","protected":false},"excerpt":{"rendered":"<p>La colonie 2025 aura lieu du 11 au 15 ao\u00fbt, au Ch\u00e2teau de Vaulruz sur le th\u00e8me de &#8220;Harry Potter et les cr\u00e9atures fantastiques&#8221; !<\/p>\n","protected":false},"author":1,"featured_media":0,"parent":0,"menu_order":0,"comment_status":"closed","ping_status":"open","template":"","meta":{"footnotes":""},"_links":{"self":[{"href":"https:\/\/arbre-en-ciel.ch\/index.php?rest_route=\/wp\/v2\/pages\/2"}],"collection":[{"href":"https:\/\/arbre-en-ciel.ch\/index.php?rest_route=\/wp\/v2\/pages"}],"about":[{"href":"https:\/\/arbre-en-ciel.ch\/index.php?rest_route=\/wp\/v2\/types\/page"}],"author":[{"embeddable":true,"href":"https:\/\/arbre-en-ciel.ch\/index.php?rest_route=\/wp\/v2\/users\/1"}],"replies":[{"embeddable":true,"href":"https:\/\/arbre-en-ciel.ch\/index.php?rest_route=%2Fwp%2Fv2%2Fcomments&post=2"}],"version-history":[{"count":116,"href":"https:\/\/arbre-en-ciel.ch\/index.php?rest_route=\/wp\/v2\/pages\/2\/revisions"}],"predecessor-version":[{"id":2359,"href":"https:\/\/arbre-en-ciel.ch\/index.php?rest_route=\/wp\/v2\/pages\/2\/revisions\/2359"}],"wp:attachment":[{"href":"https:\/\/arbre-en-ciel.ch\/index.php?rest_route=%2Fwp%2Fv2%2Fmedia&parent=2"}],"curies":[{"name":"wp","href":"https:\/\/api.w.org\/{rel}","templated":true}]}}