{"id":23,"date":"2015-06-05T20:43:09","date_gmt":"2015-06-05T20:43:09","guid":{"rendered":"http:\/\/arbre-en-ciel.ch\/?page_id=23"},"modified":"2019-04-02T19:48:57","modified_gmt":"2019-04-02T19:48:57","slug":"qui-sommes-nous","status":"publish","type":"page","link":"https:\/\/arbre-en-ciel.ch\/?page_id=23","title":{"rendered":"Qui sommes-nous ?"},"content":{"rendered":"<h4 style=\"text-align: justify;\">Depuis ao\u00fbt 2016, &#8220;Arbre-en-Ciel&#8221; est une association ne poursuivant aucun but lucratif. Notre association encourage le d\u00e9veloppement personnel des enfants et des adultes au travers de d\u00e9couvertes, d\u2019exp\u00e9riences, d\u2019apprentissages et de cr\u00e9ations li\u00e9s \u00e0 la nature dans diff\u00e9rents milieux\u00a0tels que la for\u00eat, la ferme, le jardin, etc\u2026 lors d\u2019ateliers et de journ\u00e9es \u00e0 th\u00e8me.<\/h4>\n<h3><span style=\"text-decoration: underline;\">Pour le comit\u00e9:<\/span><\/h3>\n<p>Danielle Dousse Perroud : Pr\u00e9sidente<\/p>\n<p>Marie-Jos\u00e9e Dousse : Vice Pr\u00e9sidente<\/p>\n<p>Florence Gobet : Vice Pr\u00e9sidente<\/p>\n<p>Andr\u00e9 Dousse : Caissier<\/p>\n<p>Florian Gobet : Secr\u00e9taire<\/p>\n<p>Beno\u00eet Perroud : V\u00e9rificateur de comptes<\/p>\n<h3><\/h3>\n<h3><strong>Danielle Dousse Perroud<\/strong><\/h3>\n<p><a href=\"http:\/\/arbre-en-ciel.ch\/wp-content\/uploads\/2015\/06\/portrait.jpg\"><img loading=\"lazy\" decoding=\"async\" class=\"alignnone  wp-image-116\" src=\"http:\/\/arbre-en-ciel.ch\/wp-content\/uploads\/2015\/06\/portrait-274x300.jpg\" alt=\"portrait\" width=\"223\" height=\"237\" \/><\/a><\/p>\n<p>Animatrice des Ateliers &#8220;Art bricole&#8221;<\/p>\n<p>Profession\u00a0: enseignante primaire depuis 2003<\/p>\n<p>Mari\u00e9e et m\u00e8re de deux enfants, habitant \u00e0 Cottens<\/p>\n<p>Formation \/activit\u00e9s annexes: monitrice de gym aux agr\u00e8s \u00e0 Cottens durant 13 ans, formation en activit\u00e9s cr\u00e9atrices (notamment la c\u00e9ramique), formation d&#8217;\u00ab\u00a0\u00e9cole en for\u00eat\u00a0\u00bb suivie en 2014 et 2015<\/p>\n<h3><strong>Marie-Jos\u00e9e Dousse<\/strong><\/h3>\n<p><a href=\"http:\/\/arbre-en-ciel.ch\/wp-content\/uploads\/2015\/06\/IMG_7341.jpg\"><img loading=\"lazy\" decoding=\"async\" class=\"alignnone  wp-image-236\" src=\"http:\/\/arbre-en-ciel.ch\/wp-content\/uploads\/2015\/06\/IMG_7341-300x239.jpg\" alt=\"IMG_7341\" width=\"277\" height=\"221\" srcset=\"https:\/\/arbre-en-ciel.ch\/wp-content\/uploads\/2015\/06\/IMG_7341-300x239.jpg 300w, https:\/\/arbre-en-ciel.ch\/wp-content\/uploads\/2015\/06\/IMG_7341-1024x817.jpg 1024w\" sizes=\"(max-width: 277px) 100vw, 277px\" \/><\/a><\/p>\n<p>Animatrice des Ateliers &#8220;Art bricole&#8221;<\/p>\n<p>Profession\u00a0: enseignante primaire de 1976 \u00e0 2000 et enseignante d&#8217;activit\u00e9s cr\u00e9atrices et de couture de 2000 \u00e0 2016<\/p>\n<p>Mari\u00e9e, m\u00e8re de trois grands enfants et grand-m\u00e8re de deux petits-enfants, habitant \u00e0 Cottens<\/p>\n<h3><strong>Florence Gobet<\/strong><\/h3>\n<p><a href=\"http:\/\/arbre-en-ciel.ch\/wp-content\/uploads\/2015\/06\/florence.jpg\"><img loading=\"lazy\" decoding=\"async\" class=\"alignnone  wp-image-530\" src=\"http:\/\/arbre-en-ciel.ch\/wp-content\/uploads\/2015\/06\/florence-225x300.jpg\" alt=\"florence\" width=\"214\" height=\"285\" srcset=\"https:\/\/arbre-en-ciel.ch\/wp-content\/uploads\/2015\/06\/florence-225x300.jpg 225w, https:\/\/arbre-en-ciel.ch\/wp-content\/uploads\/2015\/06\/florence-768x1024.jpg 768w, https:\/\/arbre-en-ciel.ch\/wp-content\/uploads\/2015\/06\/florence.jpg 960w\" sizes=\"(max-width: 214px) 100vw, 214px\" \/><\/a><\/p>\n<p>Animatrice des Ateliers \u201cArt bricole\u201d<\/p>\n<p>Profession\u00a0: enseignante depuis 2008 en 1-2H<\/p>\n<p>Mari\u00e9e, habitant \u00e0 Villaz-St-Pierre<\/p>\n<p>Formation \/activit\u00e9s annexes: formation d\u2019\u00ab\u00a0\u00e9cole en for\u00eat\u00a0\u00bb suivie en 2012-2013, animatrice chez \u00ab\u00a0un air de campagne\u00a0\u00bb.<\/p>\n","protected":false},"excerpt":{"rendered":"<p>Depuis ao\u00fbt 2016, &#8220;Arbre-en-Ciel&#8221; est une association ne poursuivant aucun but lucratif. Notre association encourage le d\u00e9veloppement personnel des enfants et des adultes au travers de d\u00e9couvertes, d\u2019exp\u00e9riences, d\u2019apprentissages et de cr\u00e9ations li\u00e9s \u00e0 la nature dans diff\u00e9rents milieux\u00a0tels que la for\u00eat, la ferme, le jardin, etc\u2026 lors d\u2019ateliers et de journ\u00e9es \u00e0 th\u00e8me. Pour [&hellip;]<\/p>\n","protected":false},"author":1,"featured_media":0,"parent":0,"menu_order":0,"comment_status":"closed","ping_status":"open","template":"","meta":{"footnotes":""},"_links":{"self":[{"href":"https:\/\/arbre-en-ciel.ch\/index.php?rest_route=\/wp\/v2\/pages\/23"}],"collection":[{"href":"https:\/\/arbre-en-ciel.ch\/index.php?rest_route=\/wp\/v2\/pages"}],"about":[{"href":"https:\/\/arbre-en-ciel.ch\/index.php?rest_route=\/wp\/v2\/types\/page"}],"author":[{"embeddable":true,"href":"https:\/\/arbre-en-ciel.ch\/index.php?rest_route=\/wp\/v2\/users\/1"}],"replies":[{"embeddable":true,"href":"https:\/\/arbre-en-ciel.ch\/index.php?rest_route=%2Fwp%2Fv2%2Fcomments&post=23"}],"version-history":[{"count":19,"href":"https:\/\/arbre-en-ciel.ch\/index.php?rest_route=\/wp\/v2\/pages\/23\/revisions"}],"predecessor-version":[{"id":1515,"href":"https:\/\/arbre-en-ciel.ch\/index.php?rest_route=\/wp\/v2\/pages\/23\/revisions\/1515"}],"wp:attachment":[{"href":"https:\/\/arbre-en-ciel.ch\/index.php?rest_route=%2Fwp%2Fv2%2Fmedia&parent=23"}],"curies":[{"name":"wp","href":"https:\/\/api.w.org\/{rel}","templated":true}]}}